t k = d + -26. Determine g(k).
4
Let f(w) = -3*w - 50. Let t = -1385 + 1370. Determine f(t).
-5
Let x(a) = -a**3 - 5*a**2 + 7*a. Suppose -2*p + 0 + 24 = 0. Let l = p - 9. Suppose -l*y - 3*b = 12, -4*b = 4 - 12. Determine x(y).
-6
Let v(g) = 2*g. Let f be 26/8*(6 + -10). Let a = f + 15. Suppose 0 = a*q + 3*l + 10, 5*l = -5*q + 3 - 18. What is v(q)?
2
Suppose 0 = 68*l - 60*l + 88. Let x(n) = n**3 + 11*n**2 + n - 2. Determine x(l).
-13
Let j(v) be the second derivative of -v**5/120 - v**4/4 - 5*v**3/2 - 12*v. Let n(f) be the second derivative of j(f). Suppose 5 = -5*p - 20. Determine n(p).
-1
Suppose 11*z - 2*z = 45. Let t(b) = -2 - 2*b - 4*b + 5*b + z. Give t(-3).
6
Let o(k) = -6 + 2*k + 1 + 10 - 9. Let l = 13 + -24. Let y = l + 8. Give o(y).
-10
Let h(w) = w**2 + 6*w + 9. Let f be h(-7). Let b = f + -14. Let z(s) = 4*s + 6 + 10*s**3 + 5*s**b - 4*s**3 - 5*s**3. What is z(-4)?
6
Let z(q) = -3*q + 3*q - 6 - q. Let m be ((-1)/2)/(3720/(-288) + 13). Give z(m).
0
Let o(j) = -j**3 - j**2 + j + 4. Let m(h) = -3*h**3 - 3*h**2 + 4*h + 12. Let t(d) = -4*m(d) + 11*o(d). Let l = 1374 + -1377. Give t(l).
-7
Let q(h) = h**2 + 4*h + 2. Let b(v) = -v - 1. Let w(d) = -2*b(d) - q(d). Let u be ((-7)/(-21))/(1/(-6)). Determine w(u).
0
Let k be (-2 - -3) + (-4 - -5). Let p(j) = 10*j - 2. Determine p(k).
18
Let r(n) = -n + 256*n**2 - 257*n**2 + 11 + 3. Let u be r(-5). Let d(v) = -v**3 - 7*v**2 - 6*v - 3. Give d(u).
-3
Let f = -3 + 17. Suppose -5*s - f = -4. Let q(g) = -2*g - 2. Give q(s).
2
Let n be (-4 - (16 + -8))*(-3)/(-4). Let b(a) = -2*a - 15. Give b(n).
3
Let m(a) = 68824 - 68824 - 14*a. Calculate m(1).
-14
Let v = 754 + -440. Let g(i) = v - 3*i + i - 314. Give g(-5).
10
Let i(v) = -v**2 + 3*v - 3. Let a(t) = -t**3 - 5*t**2 - t + 1. Let z be a(-5). Let x be (-3)/z - 11/(-2). What is i(x)?
-13
Let c(z) = -8*z - 51 - 54 + 109 + 4*z. Calculate c(-3).
16
Let s(l) = -3*l - 1. Let i be s(-2). Suppose -4*t + b + 5 = 0, 1 = -2*t + 2*b - 1. Let g(p) = -4*p**t + 2 + 0*p**3 - p - 5 + p**3 - 3*p. Calculate g(i).
2
Let n(g) be the third derivative of 1/2*g**3 + 1/12*g**4 + 0 + 0*g - 19*g**2. Give n(3).
9
Let v = -6 - -22. Let s(i) = -i**3 + 16*i**2 + 8. Determine s(v).
8
Let p(j) = -j**3 - 329*j**2 + j + 1 - 2 + 165*j**2 + 161*j**2. Determine p(2).
-19
Let z(o) = -12*o - 7. Let c be 6*7/42*(-4)/(-2). Let s(t) = -t - 1. Let x(i) = -8*i - 5. Let w(y) = -2*s(y) + x(y). Let k(d) = c*z(d) - 5*w(d). Calculate k(1).
7
Let o(z) be the third derivative of z**5/60 + 5*z**4/8 - 10*z**3/3 - 841*z**2. Determine o(-16).
-4
Let q(d) = 4*d**2 + 7*d. Let m(h) = -7*h**2 - 13*h - 1. Let c(p) = -3*m(p) - 5*q(p). Let b = -18 + 14. Give c(b).
3
Let b(q) = q + 8. Let l be b(-6). Let y(w) = w + 2 - 5*w - l - 2. Let h(g) = g**2 - 5*g - 3. Let u be h(5). What is y(u)?
10
Let x(g) be the third derivative of g**6/120 + g**5/10 - g**4/3 - 2*g**3/3 - 80*g**2. Calculate x(-7).
3
Suppose -2*u - 2*v = 8 - 2, 0 = 3*u - v - 11. Let q(o) be the first derivative of -o**u + 3*o - 7 + 1/3*o**3. Give q(3).
6
Let r(a) be the first derivative of 3/2*a**2 - 25 - a. Determine r(5).
14
Let s(q) = q + 2. Let r(z) = z**3 - 14*z**2 - 14*z - 13. Let a be r(15). Suppose 4*n - 3*p + 32 = 2, -a*n + 5*p = 22. Give s(n).
-4
Let y(c) = -c**3 + 5*c**2 + 2. Let w(z) = -z**3 - z**2 + 3*z + 5. Let l be w(0). Determine y(l).
2
Let s(q) = -16*q**2 + 28*q**2 - 16*q**2 + 5*q - 4*q**3 - 5. Let j(w) = -3*w**3 - 5*w**2 + 4*w - 6. Let a(f) = -5*j(f) + 4*s(f). What is a(9)?
10
Let n(o) = -o - 2. Let c be n(-6). Let j be 20/(-6)*6/c. Let u(w) = -w**2. Let p(m) = -6*m**2 - 3*m + 2. Let x(i) = j*u(i) + p(i). Determine x(-2).
4
Let s(d) = -2*d**2 + d. Let h(n) = 5*n**2 - 7*n + 3. Let b(k) = h(k) + 3*s(k). Give b(-6).
-9
Let v(s) = s**2 + 2. Let p = -180 - -70. Let g = p + 112. Calculate v(g).
6
Let p = -60 - -50. Let n(z) = -z**3 - 11*z**2 - 10*z + 7. Calculate n(p).
7
Suppose 74*x - 31 = 43. Let n(m) = -14*m + 2. Let p(u) = -u + 1. Let l(h) = -n(h) + 3*p(h). Give l(x).
12
Let b(c) = 2 + c**2 + 4*c + 0 + c**2 - c**3. Suppose -5*l + 167 + 133 = 0. Let f be (2 + 1)/(-3 + l/16). Determine b(f).
-14
Let g(d) = 305*d**2 + 298*d**2 + 299*d**2 - 6 - 903*d**2. What is g(0)?
-6
Let n(s) be the first derivative of -s**4/4 - 19*s**3/3 + 21*s**2/2 + 22*s - 44. Determine n(-20).
2
Let i(q) = 3*q**2 + 18*q + 2. Let u be i(-6). Let m(p) = p**2 - 2*p**2 - 2*p**2 + u*p**2. Give m(-3).
-9
Let f = 19 - 18. Let r(u) = 2*u**2 - u - 4*u**3 - 3 + 4 - u**2. Give r(f).
-3
Let v(t) be the first derivative of -3*t**4/4 - t**3 - t**2/2 + t + 227. Give v(-1).
2
Suppose a - 2*a = 27. Let h = 24 + a. Let b(i) = -i**2 + 4. Calculate b(h).
-5
Let y(x) = -x**2 + 5*x + 2. Let u(c) be the third derivative of 5/6*c**3 - 1/4*c**4 + 0 + 6*c**2 + 7/60*c**5 - 1/120*c**6 + 0*c. Let v be u(6). Determine y(v).
2
Let n(w) be the third derivative of -w**6/120 - w**5/5 + w**4/12 + w**3/3 + 340*w**2. Give n(-12).
-22
Let v = -33 - -15. Let n = 21 + v. Let b(q) = q + 0 - n + 0*q + 2. Give b(4).
3
Suppose 0 = 14*y + 144 - 144. Let p(t) be the second derivative of -1/6*t**3 - 3*t**2 + y + 2*t - 1/12*t**4. Give p(0).
-6
Suppose -3 = 4*p - 11. Let c = 5 - p. Let k(h) = 4 - h**3 - 3 - 3*h - 6*h**2 + c + 0. What is k(-5)?
-6
Let h(a) be the first derivative of -a**3/3 + 7*a**2/2 + 10*a + 2. Suppose -43 + 85 = 4*s + 2*k, -5*s + 30 = -5*k. Determine h(s).
-8
Let r(t) = -334*t**3 - t + 335*t**3 + 23 + 2*t**2 - 22*t**2. Let o be r(20). Let a(k) = 3*k + 3*k - k. What is a(o)?
15
Let i(r) = 2*r**2. Suppose 2 = -d + 4. Suppose 0 = v - 3*l + 7, 0 = -4*l + d*l + 8. Suppose v*n + 2*g + 7 = 0, -3*g - g = -n + 3. Calculate i(n).
2
Let c be (-14)/4*(-40)/70. Let s be (c + -2 + 2)*(-6)/(-4). Let b(o) = 4*o. Give b(s).
12
Let f(s) = -2 - 2 + 2*s + 0 - 2. Let c be f(5). Let a(p) be the second derivative of p**4/12 - p**3/2 + 4*p. What is a(c)?
4
Let l = -62 - -70. Let p(r) = -13 + l + 2*r + 6 - 3*r. Determine p(-5).
6
Let f be 1/(2/(-14)) + 7. Let j(u) be the third derivative of 0 + f*u + 7*u**2 + 1/6*u**4 - 1/3*u**3. Determine j(3).
10
Let g(n) be the first derivative of 6*n + 0*n**2 + 8/3*n**3 + 8 + 1/4*n**4. Let x be (-12)/((6/4)/1). What is g(x)?
6
Let w be -2 + 4/6*6. Let d(p) = 0*p**2 + 2*p**w + 17*p - 15*p + p**3 - 2*p**3. Give d(2).
4
Let d(s) = -s**3 + 6*s**2 - 14*s - 18. Let t(j) = j**3 + 2*j + 2. Let u(a) = d(a) + 2*t(a). Give u(-7).
7
Let u(k) be the first derivative of -k**3/3 + 2*k**2 - 9*k + 89. Give u(6).
-21
Let b(z) = -5*z - 1 - z**2 - 17*z - 4*z + 24*z. Calculate b(-3).
-4
Let k(j) = -3*j - 4. Let n(g) = 4*g**2 - 4*g - 2. Let t be n(-1). Calculate k(t).
-22
Let l(n) = -n**3 - 8*n**2 + n + 10. Let a be l(-8). Let k(o) = o - 2*o**a - o**2 - 2 + 4*o**2. Let u(p) = -p**3 - p**2 + 4*p + 4. Let w be u(-1). Give k(w).
-2
Let t(k) = -k**3 + 2*k**2 + 3*k + 8. Let m(y) = y**2 + y + 1. Let d(h) = -3*m(h) + t(h). Suppose -f = -4*u - 5, -5*u + 4*f = f + 15. Determine d(u).
5
Let y(t) = -9*t - 5. Let r(s) = s - 1. Let a(j) = -14*j + 1. Let w(v) = -a(v) - 6*r(v). Let i(c) = -6*w(c) - 5*y(c). Calculate i(-5).
10
Suppose 3*m - c = 5*m - 3, -2*c = 2*m - 2. Let v(a) = -5*a**m + 9 - 90*a + 85*a + 4*a**2. Give v(-7).
-5
Let l(a) = -2*a - 49. Suppose 3*i = -m - 68, 0*m + 5*m = -3*i - 88. Determine l(i).
-7
Let y(g) = -50*g + 112*g - 56*g + 8. Give y(-2).
-4
Let d(c) = 9*c**3 + 1. Suppose -8 = 2*f + 3*o, -3*o + 12 = -4*f - 7*o. Determine d(f).
-8
Let x(n) be the first derivative of -5 + n**2 - 1/24*n**4 + 0*n**3 - 1/20*n**5 + 0*n. Let r(o) be the second derivative of x(o). Calculate r(2).
-14
Let x(s) = -10*s**2 - s. Let f(n) = 2*n**3 - n**2 - n + 1. Suppose 0 = 4*p - 4, o - 6*o + 4 = 4*p. Let g = o + 1. Let k be f(g). Determine x(k).
-11
Let w = 193 + -198. Let h(p) = 4*p + 14. What is h(w)?
-6
Let g(v) = -v**2 + v - 1. Let n(c) = 2*c**2 - 41*c - 18. Let i be n(21). Give g(i).
-7
Let p = 68 + -56. Suppose -9*y + 57 = p. Let f(a) = a**3 - 4*a**2 - a - 7. Give f(y).
13
Let m(i) be the second derivative of -i**4/12 + i**3/6 - 6*i**2 - i - 64. Let c(v) = v**2 + v - 2. Let u be c(-2). Determine m(u).
-12
Let u(j) be the third derivative of 0*j - 3/2*j**3 + 1/24*j**4 - 1/120*j**6 + 1/6*j**5 + 0 - 5*j**2. What is u(10)?
1
Let i(m) = 2*m - 20. Let g = -970 + 980. Determine i(g).
0
Let w = 77 + -54. Suppose 11*j + 21 = -